{"id":532,"date":"2025-09-11T09:28:50","date_gmt":"2025-09-11T07:28:50","guid":{"rendered":"https:\/\/marieangenguci.com\/?page_id=532"},"modified":"2025-11-30T14:57:37","modified_gmt":"2025-11-30T13:57:37","slug":"press","status":"publish","type":"page","link":"https:\/\/marieangenguci.com\/index.php\/press\/","title":{"rendered":"Press"},"content":{"rendered":"\n<p><a href=\"https:\/\/cult.news\/musique\/classique\/le-sacre-de-marie-ange-nguci-a-la-roque-dantheron\">Le sacre de Marie-Ange Nguci, pianiste et chef d&#8217;orchestre, \u00e0 La Roque d\u2019Anth\u00e9ron (Cult.news)<\/a><\/p>\n\n\n\n<p><a href=\"https:\/\/www.classykeo.com\/2025\/04\/19\/une-ange-passe-a-bordeaux\">Une Ange passe \u00e0 Bordeaux (Classykeo)<\/a> <\/p>\n\n\n\n<p><a href=\"https:\/\/bachtrack.com\/fr_FR\/critique-marie-ange-nguci-sinfonia-varsovia-festival-international-piano-la-roque-d-antheron-aout-2024\">Marie-Ange Nguci gagne ses galons de cheffe \u00e0 La Roque d&#8217;Anth\u00e9ron (Bachtrack)<\/a><\/p>\n\n\n\n<p><a href=\"https:\/\/cult.news\/musique\/classique\/a-la-roque-dantheron-lenchantement-marie-ange-nguci\">A La Roque d\u2019Anth\u00e9ron, l\u2019enchantement Marie-Ange Nguci (Cult.news)<\/a><\/p>\n\n\n\n<p><a href=\"https:\/\/www.giornaledellamusica.it\/recensioni\/la-fantasia-di-marie-ange-nguci\">La fantasia di Marie-Ange Nguci &#8211; Magia creatrice al Teatro La Fenice (Il Giornale della Musica)<\/a><\/p>\n\n\n\n<p><a href=\"https:\/\/www.firenzetoday.it\/blog\/passato-e-presente\/concerto-nguci-pishkar-ort-brahms.html\">Nguci al piano con l\u2019ORT: un Brahms di straordinaria morbidezza<\/a><\/p>\n\n\n\n<figure class=\"wp-block-image size-full\"><a href=\"https:\/\/www.laprovence.com\/article\/region\/2656950209859315\/marie-ange-nguci-cheffe-imperiale-a-la-roque-dantheron\"><img loading=\"lazy\" decoding=\"async\" width=\"960\" height=\"854\" src=\"https:\/\/marieangenguci.com\/wp-content\/uploads\/2025\/09\/IMG-20240816-WA0001.jpg\" alt=\"\" class=\"wp-image-558\" srcset=\"https:\/\/marieangenguci.com\/wp-content\/uploads\/2025\/09\/IMG-20240816-WA0001.jpg 960w, https:\/\/marieangenguci.com\/wp-content\/uploads\/2025\/09\/IMG-20240816-WA0001-300x267.jpg 300w, https:\/\/marieangenguci.com\/wp-content\/uploads\/2025\/09\/IMG-20240816-WA0001-768x683.jpg 768w, https:\/\/marieangenguci.com\/wp-content\/uploads\/2025\/09\/IMG-20240816-WA0001-600x534.jpg 600w\" sizes=\"auto, (max-width: 960px) 100vw, 960px\" \/><\/a><\/figure>\n\n\n\n<p><a href=\"https:\/\/www.classykeo.com\/2023\/05\/30\/marie-ange-nguci-en-recital-a-radio-france-le-talent-a-letat-pur\">Marie-Ange Nguci en r\u00e9cital \u00e0 Radio France : le talent \u00e0 l\u2019\u00e9tat pur (Classykeo)<\/a><\/p>\n\n\n\n<p><a href=\"https:\/\/cult.news\/actualites\/pianiste-et-chef-dorchestre-marie-ange-nguci-je-me-suis-sentie-portee-par-lorchestre-et-le-public\">Pianiste et chef d\u2019orchestre Marie-Ange Nguci : \u00ab Je me suis sentie port\u00e9e par l\u2019orchestre et le public \u00bb (Cult.news)<\/a><\/p>\n\n\n\n<p><a href=\"https:\/\/www.earrelevant.net\/2025\/04\/jacquot-and-nguci-excel-in-saint-saens-and-liszt-with-the-north-carolina-symphony\/\">If Marie-Ange is on the program, try to catch her. She\u2019s the real deal ! Nguci and Jacquot excel in Liszt and Wagner (The America\u2019s Voice for Classical Music)<\/a><\/p>\n\n\n\n<p><\/p>\n\n\n\n<p><a href=\"https:\/\/www.sudouest.fr\/culture\/musique\/musique-classique-a-bordeaux-liszt-wagner-et-bizet-sous-le-jeu-subtil-de-la-pianiste-marie-ange-nguci-23972553.php\">Bordeaux&nbsp;: Liszt, Wagner et Bizet sous le jeu subtil de la pianiste Marie-Ange Nguci (SudOuest)<\/a><\/p>\n\n\n\n<p><a href=\"https:\/\/www.resmusica.com\/2021\/04\/18\/marie-ange-nguci-dune-purete-angelique-dans-mozart\/  \">Marie-Ange Nguci d\u2019une puret\u00e9 ang\u00e9lique dans Mozart (ResMusica)<\/a><\/p>\n\n\n\n<p><a href=\"https:\/\/bachtrack.com\/fr_FR\/critique-halls-severe-nguci-orchestre-de-chambre-de-paris-theatre-des-champs-elysees-paris-novembre-2022\">Mozart ultime par l\u2019Orchestre de chambre de Paris&nbsp;: une r\u00e9v\u00e9lation (Bachtrack)<\/a><\/p>\n\n\n\n<p><a href=\"https:\/\/denieuwemuze.nl\/pianiste-marie-ange-nguci-en-dirigente-roderick-cox-zwepen-radio-filharmonisch-orkest-op-tot-unieke-samenklanken\">Concertgebouw &#8211; Pianiste Marie-Ange Nguci zwepen Radio Filharmonisch Orkest op tot unieke samenklanken (Denieuwemuze)<\/a><\/p>\n\n\n\n<p><a href=\"https:\/\/litaglobal.com\/nguyetduonglt\/rachmaninovs-rhapsody-on-a-theme-of-paganini-performed-by-marie-ange-nguci-with-case-scaglione-and-the-paris-philharmonie-is-a-captivating-emotional-journey-the-music-sweeps-you-away-with-its-in\/?fbclid=IwZXh0bgNhZW0CMTEAAR1bYYHqmyE0s4Z22dgLhPt5obJSi-_LJBCSl1ylxl8L9jmescfNxZ52NMw_aem_SBv2zsJPKrwaI2Ut2F7ELA\">The music sweeps you away with its intense beauty and dramatic power, leaving you breathless with each moment (litaglobal)<\/a><\/p>\n\n\n\n<p><a href=\"https:\/\/www.gbopera.it\/2025\/02\/tutto-strauss-per-marc-albrecht-e-marie-angearc-albrecht-e-marie-ange-nguci-con-lorchestra-rai\">\u201cTutto Strauss\u201d per Marc Albrecht e Marie-Ange Nguci con l\u2019Orchestra RAI (GBOpera)<\/a><\/p>\n\n\n\n<p><a href=\"https:\/\/www.classiquenews.com\/critique-concert-lyon-auditorium-maurice-ravel-le-15-juin-2024-saint-saens-berlioz-orchestre-national-de-lyon-marie-ange-nguci-piano-nikolaj-szeps-znaider-direction\">Avec l&#8217;Orchestre National de Lyon, Marie-Ange Nguci se montre magistrale avec Saint-Sa\u00ebns et Ravel (ClassiqueNews)<\/a><\/p>\n\n\n\n<p><a href=\"https:\/\/www.lefigaro.fr\/musique\/2018\/02\/02\/03006-20180202ARTFIG00247-marie-ange-nguci-sur-les-ailes-du-piano.php\">Marie-Ange Nguci, sur les ailes du piano (Le Figaro)<\/a><\/p>\n\n\n\n<p><a href=\"https:\/\/luigiboschi.it\/argomenti\/skenet\/teatro-regio-enrico-onofri-che-dirige-la-filarmonica-arturo-toscanini-con-marie-ange-nguci-al-pianoforte\">Teatro Regio di Parma con la Filarmonica Toscanini &#8211; Fantastico e applauditissimo concerto. Una pianista strepitosa (Recensione LBClassic)<\/a><\/p>\n\n\n\n<p><a href=\"https:\/\/quotidianodibari.it\/tra-rachmaninov-e-prokofev-luniverso-onirico-della-nguci\">Tra Rachmaninov e Prokofiev, l&#8217;universo onirico della Nguci <\/a><a href=\"https:\/\/quotidianodibari.it\/tra-rachmaninov-e-prokofev-luniverso-onirico-della-nguci\">(Quotidiano di Bari)<\/a><\/p>\n\n\n\n<p><a href=\"https:\/\/mattv.ca\/limpressionnant-concerto-pour-piano-de-rachmaninov\/\">L\u2019impressionnant concerto pour piano de Rachmaninov avec l.Orchestre Symphonique de Montr\u00e9al, Marie-Ange Nguci et Marie Jacquot (Mattv.Canada)<\/a><\/p>\n\n\n\n<p><\/p>\n","protected":false},"excerpt":{"rendered":"<p>Le sacre de Marie-Ange Nguci, pianiste et chef d&#8217;orchestre, \u00e0 La Roque d\u2019Anth\u00e9ron (Cult.news) Une Ange passe \u00e0 Bordeaux (Classykeo) Marie-Ange Nguci gagne ses galons de cheffe \u00e0 La Roque d&#8217;Anth\u00e9ron (Bachtrack) A La Roque d\u2019Anth\u00e9ron, l\u2019enchantement Marie-Ange Nguci (Cult.news) La fantasia di Marie-Ange Nguci &#8211; Magia creatrice al Teatro La Fenice (Il Giornale della &hellip; <\/p>\n<p class=\"link-more\"><a href=\"https:\/\/marieangenguci.com\/index.php\/press\/\" class=\"more-link\">Read more<span class=\"screen-reader-text\"> &#8220;Press&#8221;<\/span><\/a><\/p>\n","protected":false},"author":1,"featured_media":611,"parent":0,"menu_order":0,"comment_status":"closed","ping_status":"closed","template":"","meta":{"footnotes":""},"class_list":["post-532","page","type-page","status-publish","has-post-thumbnail","hentry"],"featured_media_urls":{"thumbnail":["https:\/\/marieangenguci.com\/wp-content\/uploads\/2025\/10\/Marie-Ange-Nguci-Sinfonia-Varsovia-25-\u00a9-Valentine-Chauvin-2025-e1760298203836-150x150.jpg",150,150,true],"medium":["https:\/\/marieangenguci.com\/wp-content\/uploads\/2025\/10\/Marie-Ange-Nguci-Sinfonia-Varsovia-25-\u00a9-Valentine-Chauvin-2025-e1760298203836-300x175.jpg",300,175,true],"medium_large":["https:\/\/marieangenguci.com\/wp-content\/uploads\/2025\/10\/Marie-Ange-Nguci-Sinfonia-Varsovia-25-\u00a9-Valentine-Chauvin-2025-e1760298203836-768x448.jpg",768,448,true],"large":["https:\/\/marieangenguci.com\/wp-content\/uploads\/2025\/10\/Marie-Ange-Nguci-Sinfonia-Varsovia-25-\u00a9-Valentine-Chauvin-2025-e1760298203836-1024x597.jpg",950,554,true],"1536x1536":["https:\/\/marieangenguci.com\/wp-content\/uploads\/2025\/10\/Marie-Ange-Nguci-Sinfonia-Varsovia-25-\u00a9-Valentine-Chauvin-2025-1024x1536.jpg",1024,1536,true],"2048x2048":["https:\/\/marieangenguci.com\/wp-content\/uploads\/2025\/10\/Marie-Ange-Nguci-Sinfonia-Varsovia-25-\u00a9-Valentine-Chauvin-2025-e1760298203836.jpg",1180,688,false],"inspiro-featured-image":["https:\/\/marieangenguci.com\/wp-content\/uploads\/2025\/10\/Marie-Ange-Nguci-Sinfonia-Varsovia-25-\u00a9-Valentine-Chauvin-2025-e1760298203836.jpg",1180,688,false],"inspiro-loop":["https:\/\/marieangenguci.com\/wp-content\/uploads\/2025\/10\/Marie-Ange-Nguci-Sinfonia-Varsovia-25-\u00a9-Valentine-Chauvin-2025-e1760298203836-950x320.jpg",950,320,true],"inspiro-loop@2x":["https:\/\/marieangenguci.com\/wp-content\/uploads\/2025\/10\/Marie-Ange-Nguci-Sinfonia-Varsovia-25-\u00a9-Valentine-Chauvin-2025-e1760298203836-1180x640.jpg",1180,640,true],"portfolio_item-thumbnail":["https:\/\/marieangenguci.com\/wp-content\/uploads\/2025\/10\/Marie-Ange-Nguci-Sinfonia-Varsovia-25-\u00a9-Valentine-Chauvin-2025-e1760298203836-600x400.jpg",600,400,true],"portfolio_item-masonry":["https:\/\/marieangenguci.com\/wp-content\/uploads\/2025\/10\/Marie-Ange-Nguci-Sinfonia-Varsovia-25-\u00a9-Valentine-Chauvin-2025-e1760298203836-600x350.jpg",600,350,true],"portfolio_item-thumbnail_cinema":["https:\/\/marieangenguci.com\/wp-content\/uploads\/2025\/10\/Marie-Ange-Nguci-Sinfonia-Varsovia-25-\u00a9-Valentine-Chauvin-2025-e1760298203836-800x335.jpg",800,335,true],"portfolio_item-thumbnail_portrait":["https:\/\/marieangenguci.com\/wp-content\/uploads\/2025\/10\/Marie-Ange-Nguci-Sinfonia-Varsovia-25-\u00a9-Valentine-Chauvin-2025-e1760298203836-600x688.jpg",600,688,true],"portfolio_item-thumbnail_square":["https:\/\/marieangenguci.com\/wp-content\/uploads\/2025\/10\/Marie-Ange-Nguci-Sinfonia-Varsovia-25-\u00a9-Valentine-Chauvin-2025-e1760298203836-800x688.jpg",800,688,true]},"_links":{"self":[{"href":"https:\/\/marieangenguci.com\/index.php\/wp-json\/wp\/v2\/pages\/532","targetHints":{"allow":["GET"]}}],"collection":[{"href":"https:\/\/marieangenguci.com\/index.php\/wp-json\/wp\/v2\/pages"}],"about":[{"href":"https:\/\/marieangenguci.com\/index.php\/wp-json\/wp\/v2\/types\/page"}],"author":[{"embeddable":true,"href":"https:\/\/marieangenguci.com\/index.php\/wp-json\/wp\/v2\/users\/1"}],"replies":[{"embeddable":true,"href":"https:\/\/marieangenguci.com\/index.php\/wp-json\/wp\/v2\/comments?post=532"}],"version-history":[{"count":26,"href":"https:\/\/marieangenguci.com\/index.php\/wp-json\/wp\/v2\/pages\/532\/revisions"}],"predecessor-version":[{"id":639,"href":"https:\/\/marieangenguci.com\/index.php\/wp-json\/wp\/v2\/pages\/532\/revisions\/639"}],"wp:featuredmedia":[{"embeddable":true,"href":"https:\/\/marieangenguci.com\/index.php\/wp-json\/wp\/v2\/media\/611"}],"wp:attachment":[{"href":"https:\/\/marieangenguci.com\/index.php\/wp-json\/wp\/v2\/media?parent=532"}],"curies":[{"name":"wp","href":"https:\/\/api.w.org\/{rel}","templated":true}]}}